4.
5
Calculate the remainder when 331 is divided by 25.
6
Calculate the remainder when 147 is divided by 80.
67
Calculate the remainder when 30 is divided by 11.
8
Calculate the remainder when 254 is divided by 45.
29
What is the remainder when 245 is divided by 31?
28
Calculate the remainder when 1734 is divided by 256.
198
Calculate the remainder when 205 is divided by 24.
13
What is the remainder when 1001 is divided by 169?
156
Calculate the remainder when 236 is divided by 7.
5
What is the remainder when 1824 is divided by 57?
0
What is the remainder when 266 is divided by 16?
10
What is the remainder when 240 is divided by 49?
44
What is the remainder when 70 is divided by 62?
8
What is the remainder when 500 is divided by 491?
9
What is the remainder when 110 is divided by 67?
43
Calculate the remainder when 1831 is divided by 204.
199
What is the remainder when 79 is divided by 63?
16
Calculate the remainder when 516 is divided by 40.
36
Calculate the remainder when 959 is divided by 193.
187
What is the remainder when 162 is divided by 28?
22
What is the remainder when 751 is divided by 21?
16
Calculate the remainder when 186 is divided by 58.
12
Calculate the remainder when 1408 is divided by 467.
7
What is the remainder when 242 is divided by 207?
35
What is the remainder when 136 is divided by 13?
6
What is the remainder when 97 is divided by 26?
19
What is the remainder when 766 is divided by 379?
8
Calculate the remainder when 197 is divided by 34.
27
What is the remainder when 423 is divided by 50?
23
Calculate the remainder when 105 is divided by 13.
1
Calculate the remainder when 786 is divided by 79.
75
Calculate the remainder when 77 is divided by 13.
12
Calculate the remainder when 202 is divided by 170.
32
Calculate the remainder when 242 is divided by 29.
10
What is the remainder when 1812 is divided by 101?
95
Calculate the remainder when 887 is divided by 97.
14
What is the remainder when 215 is divided by 29?
12
Calculate the remainder when 674 is divided by 67.
4
Calculate the remainder when 509 is divided by 73.
71
Calculate the remainder when 464 is divided by 448.
16
What is the remainder when 863 is divided by 18?
17
Calculate the remainder when 567 is divided by 20.
7
Calculate the remainder when 2644 is divided by 147.
145
Calculate the remainder when 40 is divided by 15.
10
Calculate the remainder when 58 is divided by 15.
13
Calculate the remainder when 226 is divided by 64.
34
Calculate the remainder when 64 is divided by 62.
2
Calculate the remainder when 44 is divided by 16.
12
Calculate the remainder when 301 is divided by 222.
79
What is the remainder when 239 is divided by 31?
22
What is the remainder when 269 is divided by 9?
8
Calculate the remainder when 11854 is divided by 76.
74
Calculate the remainder when 1306 is divided by 17.
14
What is the remainder when 219 is divided by 111?
108
Calculate the remainder when 125 is divided by 64.
61
What is the remainder when 214 is divided by 78?
58
Calculate the remainder when 1586 is divided by 144.
2
Calculate the remainder when 307 is divided by 39.
34
What is the remainder when 318 is divided by 143?
32
What is the remainder when 1044 is divided by 362?
320
What is the remainder when 1663 is divided by 12?
7
What is the remainder when 110 is divided by 20?
10
What is the remainder when 1079 is divided by 402?
275
Calculate the remainder when 1649 is divided by 816.
17
What is the remainder when 4024 is divided by 6?
4
Calculate the remainder when 1176 is divided by 371.
63
Calculate the remainder when 7824 is divided by 15.
9
What is the remainder when 226 is divided by 76?
74
Calculate the remainder when 260 is divided by 24.
20
Calculate the remainder when 336 is divided by 109.
9
Calculate the remainder when 2002 is divided by 118.
114
What is the remainder when 205 is divided by 42?
37
What is the remainder when 14993 is divided by 21?
20
What is the remainder when 516 is divided by 47?
46
Calculate the remainder when 570 is divided by 16.
10
What is the remainder when 6068 is divided by 119?
118
Calculate the remainder when 112 is divided by 34.
10
What is the remainder when 23 is divided by 11?
1
Calculate the remainder when 492 is divided by 233.
26
What is the remainder when 44 is divided by 37?
7
What is the remainder when 1187 is divided by 170?
167
Calculate the remainder when 296 is divided by 76.
68
What is the remainder when 323 is divided by 310?
13
What is the remainder when 739 is divided by 20?
19
What is the remainder when 53 is divided by 12?
5
What is the remainder when 4071 is divided by 194?
191
What is the remainder when 55 is divided by 14?
13
What is the remainder when 2924 is divided by 65?
64
What is the remainder when 3783 is divided by 77?
10
What is the remainder when 63 is divided by 16?
15
Calculate the remainder when 198 is divided by 46.
14
What is the remainder when 121 is divided by 41?
39
Calculate the remainder when 398 is divided by 3.
2
Calculate the remainder when 102 is divided by 25.
2
Calculate the remainder when 2519 is divided by 30.
29
Calculate the remainder when 303 is divided by 5.
3
Calculate the remainder when 170 is divided by 44.
38
Calculate the remainder when 1998 is divided by 639.
81
What is the remainder when 2806 is divided by 76?
70
What is the remainder when 2395 is divided by 597?
7
Calculate the remainder when 138 is divided by 66.
6
Calculate the remainder when 825 is divided by 34.
9
What is the remainder when 137 is divided by 37?
26
Calculate the remainder when 980 is divided by 41.
37
Calculate the remainder when 878 is divided by 223.
209
Calculate the remainder when 4670 is divided by 173.
172
What is the remainder when 759 is divided by 153?
147
Calculate the remainder when 1140 is divided by 184.
36
What is the remainder when 11063 is divided by 21?
17
Calculate the remainder when 351 is divided by 41.
23
Calculate the remainder when 519 is divided by 111.
75
Calculate the remainder when 30225 is divided by 22.
19
Calculate the remainder when 6509 is divided by 74.
71
What is the remainder when 146 is divided by 135?
11
Calculate the remainder when 95 is divided by 92.
3
What is the remainder when 2369 is divided by 40?
9
Calculate the remainder when 1481 is divided by 57.
56
Calculate the remainder when 4438 is divided by 43.
9
Calculate the remainder when 50 is divided by 8.
2
Calculate the remainder when 197 is divided by 18.
17
What is the remainder when 435 is divided by 24?
3
What is the remainder when 2562 is divided by 95?
92
What is the remainder when 97 is divided by 50?
47
Calculate the remainder when 2520 is divided by 87.
84
Calculate the remainder when 1588 is divided by 19.
11
What is the remainder when 157 is divided by 73?
11
What is the remainder when 164 is divided by 54?
2
Calculate the remainder when 24929 is divided by 23.
20
What is the remainder when 185 is divided by 11?
9
What is the remainder when 111 is divided by 30?
21
What is the remainder when 371 is divided by 49?
28
What is the remainder when 2550 is divided by 44?
42
What is the remainder when 474 is divided by 23?
14
Calculate the remainder when 420 is divided by 38.
2
What is the remainder when 328 is divided by 6?
4
What is the remainder when 402 is divided by 37?
32
What is the remainder when 464 is divided by 121?
101
Calculate the remainder when 1065 is divided by 252.
57
Calculate the remainder when 123 is divided by 38.
9
Calculate the remainder when 133 is divided by 37.
22
What is the remainder when 76 is divided by 44?
32
What is the remainder when 529 is divided by 17?
2
Calculate the remainder when 3257 is divided by 34.
27
Calculate the remainder when 6957 is divided by 16.
13
What is the remainder when 507 is divided by 30?
27
Calculate the remainder when 286 is divided by 26.
0
Calculate the remainder when 699 is divided by 59.
50
What is the remainder when 245 is divided by 5?
0
Calculate the remainder when 560 is divided by 184.
8
What is the remainder when 720 is divided by 62?
38
What is the remainder when 663 is divided by 134?
127
Calculate the remainder when 368 is divided by 54.
44
What is the remainder when 43 is divided by 19?
5
Calculate the remainder when 831 is di